 = 80 - 77. Suppose -3*t - 9 = 0, -2*t = -x*n + 96 + 1083. Is n composite?
True
Is (74/(-111))/((-4)/50202) a prime number?
False
Suppose 4*g + 1885 = p + 4*p, 0 = 2*g + 10. Let d be (p*1)/(13/104). Suppose -4*z + 3*j = -d, 0 = -9*z + 4*z + 2*j + 3737. Is z prime?
False
Let a(k) be the first derivative of 45*k**2/2 - k + 16. Is a(2) a composite number?
False
Let g = -32 - -22. Let t(o) = 9*o**2 + 7. Is t(g) prime?
True
Let d(y) = -y**2 + 5*y + 7. Let q be d(5). Let v(t) = t + 3. Let g be v(-3). Suppose g = -5*s + 23 + q. Is s prime?
False
Suppose -2*q + 1 - 21 = -4*y, 2*y - 26 = 5*q. Suppose 10676 = t + y*t. Is t prime?
False
Let w(f) = -103*f - 5. Let o = -52 + 46. Is w(o) a composite number?
False
Let k = 29 + -6. Let i = -16 + k. Is i a composite number?
False
Let f be -328 - (-4 - (-1 - 3)). Is (5 - f) + 2 + (-1 - -1) a prime number?
False
Suppose 0 = 5*n + 212 + 223. Let h = -13 - n. Let i = h + -39. Is i composite?
True
Suppose a - 3*o = 18, 2*a + 2 = -3*o - 7. Suppose -5*i = 3*g - 6406 - 1539, -a*i + 4767 = 2*g. Is i composite?
True
Is 49062 + ((-18)/(-3) - -1) + -8 prime?
False
Let j be 6/15 + (1 - (-16)/10). Suppose 1726 = j*z - 6977. Is z prime?
False
Let l = 55 - 50. Suppose c - 1634 + 187 = 2*n, 2897 = 2*c - l*n. Is c a prime number?
False
Let y(m) = -m**2 + 5*m - 6. Let l be y(5). Let s be (-1938)/(-30) + l/10. Is ((-16)/s)/((-2)/3832) a prime number?
True
Let w(i) = -24 + 4*i - 41*i - 7. Let k be w(-14). Suppose 4*z = -k + 1659. Is z composite?
False
Let x be 24/36 - ((-13)/3 - 1). Is 2/(x/2385) + -1 prime?
False
Is (5138 + 48/12)/(0 - -2) composite?
True
Suppose 0*k - 55960 = -4*k - 5*r, 0 = 3*r - 12. Is k a prime number?
False
Let k = 365 + 404. Is k composite?
False
Let s be 2/(((-28)/(-7))/(-24)). Let n be 3*1*(-1 + -56). Let g = s - n. Is g a composite number?
True
Let h(s) = 185*s - 48. Let f be h(9). Suppose -f = -6*a + 1605. Is a a composite number?
True
Let c = 157 + -147. Let n(t) = 107*t**2 - 6*t + 21. Is n(c) composite?
True
Let g(d) = -652*d - 181. Is g(-18) a prime number?
False
Suppose -8*t - 12 = -10*t. Suppose -2675 = -t*z - 527. Is z composite?
True
Suppose 15*p = 44 - 14. Suppose -2*y = 0, -m - 3*y = -0*m - 117. Suppose -239 = -p*q + m. Is q a composite number?
True
Is (-13644)/(-28) - (-16)/(-56) composite?
False
Let h(u) = -u**3 + u**2 - u + 94. Let m(k) = -4*k**3 - k**2 + 1. Let p be m(1). Let y be 1 + -5 + p/(-1). Is h(y) prime?
False
Suppose -5*b + 496 = -0*b + 4*c, -2*b + 203 = -3*c. Let u = 204 + -198. Suppose 4*n - u*v = -v + b, -2*v = -3*n + 75. Is n composite?
True
Suppose 3846 = -24*l + 30*l. Is l a composite number?
False
Let z(x) = 2*x**2 + 29*x + 20. Let i = 27 + -46. Is z(i) prime?
True
Suppose -3*i + 105 = 2*i + 4*y, 2*y + 110 = 4*i. Suppose 7*g - 2*g = -i, -3*g = -5*q + 3520. Is q a composite number?
False
Suppose 1859 + 349 = v. Let z = v - 607. Is z a composite number?
False
Suppose 48*p - 45514 = 34*p. Is p a prime number?
True
Let z(x) = 10*x + 20. Let r be z(-10). Let f = 118 + r. Let q = 59 + f. Is q a composite number?
False
Suppose 5*x - 11455 = 3*i - 7*i, -5*x + 11455 = 3*i. Is x composite?
True
Let m be 4/((-8)/10) + -4. Is (-3 + 21834/(-4))*6/m prime?
False
Let w = -1 + -3. Let x be (-117)/15 + w/20. Let j(c) = -15*c + 19. Is j(x) a prime number?
True
Let w be (4 - 7/2)*-14. Let m(l) = -18*l**2 + 5*l + 13. Let h(j) = -19*j**2 + 5*j + 14. Let n(x) = w*m(x) + 6*h(x). Is n(6) composite?
True
Suppose -2*h - 463 + 2409 = -5*y, 3*h - 2969 = -5*y. Is h prime?
True
Suppose 469400 + 516050 = 50*c. Is c a prime number?
True
Suppose 0 = 4*c - n - 2935, -4*c + 1143 = 4*n - 1777. Is c a composite number?
False
Let z = 20 - 4. Let u = z - 16. Is (1 + u)/((-3)/(-2667)) a composite number?
True
Let t be (-36)/28 - (19/7 - 3). Is (4 + -8 - 229)/t a composite number?
False
Suppose -4*x = 2*o + 8, 5*x + 12 = -3*o + 2*x. Is (19 - -936) + o*1 a prime number?
False
Let k = -5 + 9. Let i be (-347)/k + 12/(-48). Let j = 104 - i. Is j composite?
False
Suppose -2*h + 5*h = -93. Let p = h - -254. Is p composite?
False
Suppose -2*j + 4*d = -8, 2*d + 9 - 21 = -3*j. Let o = 11 + j. Let a(r) = r**3 - 15*r**2 + 6*r - 1. Is a(o) a composite number?
False
Let k be 18/10 + (-8)/(-40). Suppose -x + 0*x + 57 = -4*u, -5*x - 45 = k*u. Let q = 52 + u. Is q composite?
False
Suppose -u + 0*s + 1953 = -s, 3941 = 2*u + 5*s. Let i = u + -765. Is i composite?
False
Suppose -3*k = 5*b - 70212, 5*k - 65*b - 116983 = -61*b. Is k a prime number?
True
Let k = -4081 + 2280. Let b = -794 - k. Is b a prime number?
False
Suppose 5*w + 2*k = 20 + 5, 10 = 2*w - k. Suppose -o = -0*o - w. Suppose 2*a = o*a - 333. Is a composite?
True
Let y = 105 + 54. Is y a prime number?
False
Let y(w) = 1469*w + 1. Let t(g) = 6*g**2 - 5*g + 1. Let z be t(1). Is y(z) composite?
False
Let v(g) = -334*g + 13. Suppose 4 = 4*d - 5*c, 29 + 3 = -5*d - 3*c. Is v(d) a prime number?
False
Let j = 9374 - -66833. Is j a prime number?
True
Suppose -14*v + 4530 = -7538. Is v a composite number?
True
Let f be 15/(-5)*5/(-3). Suppose -f*j + 36 = -3*j. Is (-9849)/(-27) - (-4)/j prime?
False
Let h(l) = 588*l**2 + 32*l + 69. Is h(-2) a prime number?
True
Let v(w) be the third derivative of w**6/120 - w**5/30 - w**4/6 - w**3/3 - 3*w**2. Let x be v(4). Is (x/21)/((-2)/(-699)) a prime number?
True
Let r be 2/9 - (-26335)/(-45). Let b = 1099 + r. Is b prime?
False
Let g(f) = -f - 3. Let r be g(-5). Suppose -2 = -4*x + 18, r*n - 4*x = 1250. Is n prime?
False
Let u(d) be the third derivative of -d**6/60 + d**5/60 + d**4/4 - d**3/3 - 15*d**2. Is u(-7) a composite number?
False
Suppose 10*k - 2*k = 7576. Is k a composite number?
False
Let p(o) = 2*o**2 + 18*o - 17. Let c(j) = -j**2 - 9*j + 8. Let r(n) = -5*c(n) - 3*p(n). Let x be r(-10). Is 2955/10 - x/2 composite?
True
Let c be (-12310)/(-10) - (1 + 0). Let k = c - 692. Suppose -v = -3*v + k. Is v a composite number?
False
Let u(v) = v**3 + 14*v**2 + 13*v - 1. Let s be u(-13). Let a be 7 - 15/5 - s. Suppose -j - 5276 = -a*j. Is j a prime number?
True
Let q(f) = -2686*f + 13. Let i(u) = -u - 3. Let h be i(0). Is q(h) prime?
False
Let f(y) = 4*y**3 - 9*y**2 - 2*y - 8. Let j(i) = -5*i**3 + 8*i**2 + i + 7. Let h(u) = -4*f(u) - 5*j(u). Is h(3) a composite number?
True
Suppose -45*l - 12432 = -51*l. Suppose 2*o - 10*o = -l. Is o a composite number?
True
Let w(z) = 23*z**2 + 3*z - 7. Let m(g) = -6*g**3 - 2*g**2 - 2*g. Let s be m(-1). Is w(s) a composite number?
False
Suppose n + 5*q - 5 = 0, -n - 4*q = n - 4. Suppose -1122 = -2*k + 4*p + 1080, n = 4*k + 2*p - 4454. Is k a composite number?
True
Suppose -3*u - h + 23 = 0, -3*u + 8 = 5*h - 11. Let d(i) = i**3 - 8*i**2 - 1. Let r be d(u). Let c(k) = 17*k**2 - 2*k. Is c(r) a composite number?
False
Let g(c) = 3871*c + 13. Is g(4) a composite number?
False
Let l(p) = -749*p + 20. Is l(-3) composite?
False
Suppose 5*a + 4*j - 4545 = 0, -8*a + 12*a = -5*j + 3627. Let r = a + -434. Is r prime?
True
Let u(q) = -q**3 + 13*q**2 + 17*q + 3. Let i be u(14). Let j(c) = -4*c - 6. Let s be j(6). Is 1169/3 + s/i prime?
True
Suppose -7 = 5*u + w + 3*w, 13 = u - 4*w. Suppose -u = -m - 5*d - 18, -5*d - 14 = 2*m. Suppose -5*f + 490 = -5*c, 4*c - 141 - 146 = -m*f. Is f a prime number?
True
Let i be 135/21 - (-9)/(-21). Suppose w = i*w - 195. Suppose 2*c - 31 = w. Is c a composite number?
True
Let s(j) = 17*j**2 - 6*j - 60. Is s(19) a composite number?
True
Suppose 3*d + d - 16 = 0. Let s(f) = 54*f + 7. Is s(d) composite?
False
Let d be 2/2 - (2 - 1). Suppose -3*h - 16 + 94 = d. Suppose a = 87 + h. Is a prime?
True
Is 3396016/435 + 2/30 prime?
False
Let k be 26/(-117) - 5342/18. Let w = k + 679. Is w prime?
False
Suppose 0 = 12*z - 14223 - 49653. Is z prime?
True
Let c(r) = -1 + 3*r + 5*r**2 - r + r**2. Suppose u + 1 = f, 3*f - 3 = -3*u - 0. Is c(f) prime?
True
Let w(u) = u**2 - 5*u + 4. Let k be w(4). Let f be (1 - k)/((-12)/(-24)). Suppose 0 = 4*p - i + 4*i - 337, -p + f*i = -76. Is p composite?
True
Suppose 110 = n - 2*w - 2*w, 5*n + 2*w = 440. Suppose -2*d + 1455 = 3*d. Let v = d - n. Is v a prime number?
False
Let l be (-2 - -1)*(-24)/3. Let k(b) = b**2 - 4*b + 1. Is k(l) a composite number?
True
Is -26 - -5295 - (1*-2 - -2) composite?
True
Suppose 3*z + 1 = 3*h + 10, -z = -4. Is 3/h - (2116/(-2))/1 c